3 + 7*q**2 - 41*q**3. Does 7 divide f(t)?
True
Suppose -r + 95 = 4*r. Let p be ((1 - 7) + 5)/((-8)/(-104)). Let n = r + p. Is 2 a factor of n?
True
Suppose z = 5*k - 0*z - 3250, -z = -2*k + 1300. Suppose 4*b = -3*v + 649, 2*v + v - k = -5*b. Is v a multiple of 43?
True
Suppose -a - 21 = -2*a. Let j = 54 - 51. Suppose 5*i + 2*u = 183 - a, u = j*i - 95. Is 32 a factor of i?
True
Let k(q) = 8*q + 5. Let x(c) = -39*c - 25. Let o(t) = -11*k(t) - 2*x(t). Is 10 a factor of o(-12)?
False
Let b(z) = -z**2 + 2. Let g be b(0). Is (-8027)/(-46) + 3/g a multiple of 11?
True
Let q(u) = -u**2 + 10*u - 13. Let g be q(8). Suppose 0 = f - 0*f - g*t - 15, -4*f - 4*t + 60 = 0. Is 15 a factor of f?
True
Suppose 27 = 3*c + 15. Suppose -7*m + 204 = -c*m. Does 17 divide m?
True
Suppose -3*a - a + s = -70, 4*a + 3*s - 78 = 0. Let y be a/15*5*1. Suppose 2*b + 16 = 4*n, -y*n - b + 22 = -2*n. Is 2 a factor of n?
False
Let t = 4205 - 2245. Suppose -6*k + t = k. Is k a multiple of 35?
True
Let j = -27 - -22. Is ((-366)/j)/((-8)/(-20)) a multiple of 25?
False
Suppose -3*m - x + 532 = 0, -5*x + 140 = -3*m + 684. Is 38 a factor of m?
False
Let c(z) be the third derivative of z**4/2 - 4*z**3/3 + 3*z**2. Is c(2) a multiple of 3?
False
Suppose -17 - 7 = -4*d. Let y be ((-2)/d)/(2/(-18)). Suppose y*t = -i - 8, 4*i - 5 = -3*t + 8. Is 7 a factor of i?
True
Let z(f) be the first derivative of -f**4/4 + 2*f**3 - 2*f**2 - 2*f - 6. Let u be z(5). Does 5 divide -2*u/6 + 16?
True
Suppose 3*j = 788 + 283. Is j a multiple of 7?
True
Suppose 3186 + 1980 = 18*n. Does 14 divide n?
False
Suppose -3*c = -w + 29, 2*w - 3*w - 2*c = -14. Suppose 4 = -2*v + 2*r, r + w = 5*r. Does 2 divide v?
False
Is 1 + -1 + (263 - -4) - -3 a multiple of 30?
True
Let s(d) = -7 - 4*d + 15*d + 15*d + 10*d. Is s(5) a multiple of 32?
False
Let g = -29 + 43. Suppose -3*z + 1 - 7 = 0. Let h = g - z. Does 8 divide h?
True
Suppose -15 = 4*a - 35. Suppose -g + 336 = a*g. Is g a multiple of 8?
True
Let q be ((-252)/35)/(6/(-15)). Is 148/3*q/12 a multiple of 10?
False
Let b be (-1 - -2)/((-2)/(-10)). Suppose -2*m = -b*t - 17, 22 = 3*m - 4*t - 0*t. Suppose 3*d - 34 = -s, 4*s - m*s - 2*d = -52. Does 11 divide s?
True
Let s = -389 + 578. Is s a multiple of 27?
True
Suppose 3*w - 99 - 603 = 0. Does 18 divide w?
True
Let g be (-30 + 5)/((-2)/4) + 2. Suppose 5*a - 253 = g. Is 13 a factor of a?
False
Suppose -4*y - 29 = -8*y + 3*x, -5*x = 4*y - 5. Let d = y + -14. Does 14 divide 6/d + 430/15?
True
Suppose -27*f - 912 = -33*f. Is f a multiple of 13?
False
Suppose d - 227 = r + 2*r, 0 = r + 3. Is 4 a factor of d?
False
Let a(j) = j**2 + j + 1024. Let p be a(0). Suppose 8*c + 304 = p. Is 15 a factor of c?
True
Let h(r) = -527*r - 8. Is h(-4) a multiple of 21?
True
Suppose 6 = 2*m - 2*s, 2*s + 3 = 5*m - 0*s. Let c be m*207/(3 - 0). Let b = -45 - c. Does 24 divide b?
True
Suppose 3*m - 34 = -40, 5118 = 5*v + m. Is 64 a factor of v?
True
Suppose -2*q + 849 = 329. Does 10 divide q?
True
Suppose 2*a + 25 = -3*a, 0 = -f + 2*a + 3. Let l(s) = -9*s - 2. Let x be l(f). Let o = x + -27. Does 17 divide o?
True
Suppose 1168 + 272 = 9*y. Is y a multiple of 80?
True
Let t = -16 + 23. Suppose -261 = 4*r - t*r. Is 11 a factor of r?
False
Let d(s) be the first derivative of -s**3/3 + s**2 + 122*s + 8. Let w be d(0). Let v = 207 - w. Is v a multiple of 15?
False
Suppose -2*q + 2 + 10 = 0. Suppose -q*x - 9 = -45. Suppose -4*m - 24 = -x*m. Is m a multiple of 4?
True
Suppose 2*g = 3*n - 878, 4*g + 1194 = 4*n + 6*g. Let z = n - 138. Does 33 divide z?
False
Let h(v) = -v**2 + 4*v - 7. Let r be h(2). Does 11 divide (r - 783/(-21)) + (-4)/14?
False
Let w = -11 + 11. Suppose w*c - 23 = -c. Suppose 4*h = -a + c, -a + 2*a = -3*h + 17. Is h even?
True
Suppose -3*u + f + 283 = 0, 2*f + 0*f = 3*u - 287. Does 31 divide u?
True
Suppose -17*d = -64 - 701. Is d a multiple of 41?
False
Let h(k) = -118*k - 49. Is 61 a factor of h(-3)?
True
Let y(f) = f**2 + 3*f - 7. Let s be y(-5). Suppose 5*c = -0*n - 2*n - 4, -s*n + 17 = -4*c. Suppose -z + 184 = n*z. Is 14 a factor of z?
False
Let u = -1 - -1. Let y(l) = l**2 + 21*l + 3. Let f be y(-23). Suppose u = 3*v - f - 14. Does 7 divide v?
True
Let p(z) = z**3 - 6*z**2 + 8 + 4 - 9. Let w be p(6). Suppose -w*j = 27 - 132. Does 12 divide j?
False
Is ((-3718)/4)/(24/(-48)) a multiple of 8?
False
Suppose 3*l - 11 = -5, -19 = -5*j + 3*l. Suppose 0 = j*n - 10*n + 255. Does 6 divide n?
False
Suppose 0 = -9*k + 12*k - 696. Suppose -k = -4*c - 40. Is 6 a factor of c?
True
Let u be 1/((-15)/(-171)) + (-3)/(-5). Suppose u*h = 11*h + 88. Is h a multiple of 22?
True
Let k = -587 - -1369. Is k a multiple of 27?
False
Let i = -117 + 212. Let x = 22 - -10. Let g = i - x. Is 22 a factor of g?
False
Let s(g) = -g**3 - g**2 + 2. Let x be s(-2). Let p be ((-8)/x)/(2/6). Is 2 a factor of ((-6)/p)/(15/20)?
True
Let c(i) = -54*i + 90. Is c(-13) a multiple of 18?
True
Does 29 divide 18/(-81) - 20478/(-54)?
False
Suppose 3*l - 120 = 3*p, 4*l - 2*p = -0*p + 152. Is l a multiple of 18?
True
Let c = -56 - -35. Let i = 31 + c. Does 5 divide i?
True
Suppose 101*g - 102*g - 9224 = 0. Is 16 a factor of (-2)/9 - g/36?
True
Let v(m) = m**3 + 38*m**2 + 57*m - 141. Is v(-36) a multiple of 119?
False
Suppose 2*a - 2*x - 2*x - 110 = 0, 0 = a + 3*x - 75. Let c = 111 - a. Is 12 a factor of c?
True
Let m = 6 - 5. Let k be -2 - m - (2 + 2). Is 106*(28/(-8))/k a multiple of 17?
False
Suppose 0*t - 16 = -4*t. Let g be (t + 5)*2/6. Suppose -g*c = c - 52. Does 6 divide c?
False
Suppose 27*x - 3 = 26*x. Suppose x*w = -2*s + 201, 64 = -4*s - 2*w + 478. Is s a multiple of 35?
True
Suppose 2*b - 11 + 7 = 0. Suppose -8 = b*i - 12. Let m = 51 + i. Is m a multiple of 15?
False
Let o = -32 + 44. Let z be -70*(o/8)/3. Let v = z + 58. Is v a multiple of 12?
False
Let q(x) = 7 + 4*x**2 + 4*x - x**2 - 4*x. Let l be q(5). Suppose 4*c - l = -5*j, 5*j - 88 = -0*c - c. Does 18 divide j?
True
Is 9 a factor of 26/(-104) - 9/(-4) - -55?
False
Suppose 0 = -3*h + 3, -3*h + h = 2*v - 10. Suppose -v*o - 7 = -5*o. Suppose -o*p + 3*p = -76. Is 4 a factor of p?
False
Suppose -5 - 49 = -z. Suppose 2*s = -2*p - 76, 2*p - 2*s + z + 10 = 0. Let n = p - -59. Does 6 divide n?
True
Suppose f = -3*f + t + 242, -f + 56 = 2*t. Suppose -2*u + f = -2. Does 7 divide (-3 + u)*(-15)/(-12)?
True
Is 19 + 12/(-28) + (-18)/7 a multiple of 16?
True
Suppose -5*v - 3*x = -6, 2*x = 5*v + 7*x. Suppose -g = -5, -697 = -v*c - 5*g + 6*g. Does 26 divide c?
True
Let l = 515 - -545. Is 11 a factor of l?
False
Let v(l) be the third derivative of -l**5/60 + l**4/6 + l**3/3 - 2*l**2. Let p be v(5). Is 16 a factor of (p - 14/(-3))*12?
False
Suppose 0 = 5*j - 6 + 31. Let a(y) = y**2 + y - 1. Let p be a(j). Suppose 4*o + p = 5*o. Is o a multiple of 16?
False
Let n(w) = -w**3 + 7*w**2 - w + 8. Let u be n(7). Let s be u + (2 - 0) + -55. Let y = s + 83. Is 8 a factor of y?
False
Suppose 0 = 41*k - 39*k - 3*n - 5408, -n = -2. Does 17 divide k?
False
Suppose 121*h - 156750 = 26*h. Is 25 a factor of h?
True
Suppose 14*f = 132*f - 338778. Does 98 divide f?
False
Let r(z) = -79*z + 748. Is r(-14) a multiple of 44?
False
Suppose -5*y = o + 40 + 49, 5*y + 10 = 0. Let l = o + 149. Is l a multiple of 8?
False
Let s(g) = -g**3 + 7*g**2 - 6*g - 2. Let h be s(6). Is 5 a factor of ((-8)/(-96)*-4)/(h/60)?
True
Suppose 5*k - 229 = 106. Let b = k + -33. Is b a multiple of 17?
True
Let s be 6/2 + (5 - 6). Let q(g) = 4*g**3 - g**2 - 5*g + 5. Does 3 divide q(s)?
False
Let t(r) = -55*r + 428. Does 14 divide t(0)?
False
Let j(n) = 4 - 3 + 1 + 2*n - 3. Does 13 divide j(7)?
True
Let c be (-4)/((-80)/(-35))*8. Let x = -4 - c. Does 5 divide x?
True
Suppose -11070 = -32*c + 8514. Is c a multiple of 9?
True
Let m = 12 - 8. Let l be 7/14 + 1166/m. Suppose 5*k + l = 9*k. Is k a multiple of 13?
False
Let g(b) = -b**3 + 2*b**2 - 5*b - 3. Let l be g(4). Let i = -25 - l. Is (-124)/(-6) + 10/i a multiple of 21?
True
Let y(x) = -2*x - 4. Let u be y(-3). Suppose -3*k - 2*h = -0*k + 306, u*h + 514 = -5*k. Let l = -59 - k. Is 15 a factor of l?
True
Suppose -l + 98 = 5*u + 17, 3*l + u - 243 = 0. Is l a multiple of 9?
True
Let u be 280/(-6)*6/4. Let d = -29 - u. Suppose 4*q - d = -3*o, 5*q - 43 = -4*o + o. Is 8 a factor of o?
False
Suppose -y - 5 = -8. Suppose -4*f + 48 =